s the remainder when t is divided by 18?
15
Suppose 5*h - 25 = 0, -7 - 4 = a - 2*h. What is the remainder when 30 is divided by 2/((-1)/(a*8))?
14
Suppose 2*c = 3*b - 7 - 6, c - 4*b + 14 = 0. Let y be 0 - (2 + (c - -3)). What is the remainder when 7 + 1/(y/6) is divided by 3?
2
Let g = -33 - -46. Let h be 7/(-28) - 54/8. Let i(q) = -2*q - 7. Calculate the remainder when g is divided by i(h).
6
Let z = 8 + 10. Suppose -5*x + 212 = -x. Calculate the remainder when x is divided by z.
17
Let g(l) = 2*l**2 - 3*l + 1. Let y(x) = -x**2 + x + 1. Let n(z) = -g(z) - 3*y(z). Calculate the remainder when n(7) is divided by 12.
9
Suppose 51 = h - w + 8, h - 4*w - 49 = 0. Calculate the remainder when h is divided by 15.
11
Suppose 5*y = -4*t + 668, -5*y + 120 + 62 = t. Calculate the remainder when t is divided by 41.
39
Let v(j) = -j**3 + 10*j**2 + 3*j + 4. Let l be v(10). Suppose 0*h = h - l. Calculate the remainder when h is divided by (-3)/(-2)*6*1.
7
Suppose 0 = -n - 4*g + 50, 4*n + 3*g - 161 = -0*n. Suppose 5*y - 2*u + 97 = 10, 3*y + 49 = 2*u. Let a = y + n. Calculate the remainder when a is divided by 7.
5
Suppose 0 = -5*r - 117 + 947. What is the remainder when r is divided by 28?
26
Let h(s) = s**3 + 15*s**2 - 5*s + 15. What is the remainder when h(-15) is divided by 23?
21
Let r(o) = o**3 - 14*o**2 + 7*o + 17. Let n be r(14). Let l = 190 - n. Calculate the remainder when l is divided by 19.
18
Let u(h) = 2*h**2 - 11*h + 4. Let l = 9 - 5. Suppose 23 = -l*r + 59. What is the remainder when u(7) is divided by r?
7
Let k(p) = -p + 8. Suppose 2*v - 3*v = 1. Calculate the remainder when v - ((-1 - -2) + -4) is divided by k(6).
0
Suppose -2*x + 4*t = -32, -x + 8*t = 3*t - 22. Calculate the remainder when 25 is divided by x.
1
Suppose 3*m + m + 3*c - 64 = 0, m + 4*c - 16 = 0. Let o = -8 + m. What is the remainder when o is divided by (-86)/(-18) + 2/9?
3
Suppose -5*u + 13 = -4*z - 42, -9 = -2*u - z. Calculate the remainder when 13 is divided by u.
6
Let t(f) be the first derivative of -f**3/3 - 5*f**2 + 3*f - 1. Let z(g) = -3*g + 4. What is the remainder when z(-6) is divided by t(-9)?
10
Let n(r) = r**3 - 3*r**2 - 2*r - 4. Let u be n(4). Suppose j + 18 = u*j. Calculate the remainder when 23 is divided by j.
5
Suppose -x = -6*x + 2*k + 12, -2*x + 3*k - 4 = 0. Let o(v) = 2*v - 2. Let g be o(2). Suppose x*t - g*t = 12. Calculate the remainder when 10 is divided by t.
4
Let c(k) = -k**3 + 5*k**2 + 6*k + 2. Let s be c(6). Suppose 3*p + s*j - 2 = 0, -p - 2 = 3*p + 5*j. Calculate the remainder when 40 is divided by 14 + 0*p/(-4).
12
Let r(n) be the second derivative of n**3/6 - n**2/2 - n. Calculate the remainder when 8 is divided by r(6).
3
Suppose 4*s + 49 = 4*w - 3*w, 0 = -3*s - 9. What is the remainder when 108 is divided by w?
34
Suppose 3*k + 38 = 182. Calculate the remainder when k is divided by 28.
20
Let b(y) = -y**2 - 8*y - 13. Calculate the remainder when 6 is divided by b(-3).
0
Let v(k) = k**3 - k**2 + k + 11. Let p = 18 + -8. Suppose p = t - 10. What is the remainder when t is divided by v(0)?
9
Let s = 6 + 33. Let u be -1 + 0 + 0 - -5. Suppose 0 = i - 1, -m + u*i + s = -6. Calculate the remainder when m is divided by 13.
10
Let b = -12 - -14. What is the remainder when b is divided by 1/(1 + 2/(-4))?
0
Suppose t - 4 = 5. Let w(v) = 5*v + 9. Calculate the remainder when w(t) is divided by 14.
12
Let l(r) = -r**2 - 8*r - 4. Calculate the remainder when 6*-2*(-15)/6 is divided by l(-5).
8
Let k be (0/(-3))/(-2) - -5. Let u be 3/(-2) - k/10. Let d(x) = 5*x**2 - 3*x - 2. What is the remainder when d(u) is divided by 13?
11
Let m(g) = -g**3 + 2*g**2 - g - 2. Let n(t) = -2*t + 17. Let k be n(10). What is the remainder when m(k) is divided by 24?
22
Calculate the remainder when ((-6)/(-4))/(42/476) is divided by 5.
2
Let p = -7 + 4. Let w = p + 5. Suppose 0 = -0*z - w*z + 22. What is the remainder when z is divided by 4?
3
Suppose 3*o - 69 = -0*o. Calculate the remainder when o is divided by 6.
5
Let u(v) = 10*v**2 + v - 1. Calculate the remainder when 18 is divided by u(1).
8
Suppose 0 = -5*m + 7 + 13. Suppose -3*b = -3*y + 33, 0 = 4*y - 3*y - m*b - 20. What is the remainder when y is divided by 3?
2
Suppose -3*s + 0*r + 177 = 3*r, 0 = s - 5*r - 29. Calculate the remainder when s is divided by 28.
26
Let z = -42 - -68. What is the remainder when z is divided by 15?
11
Suppose 4*w = 5*o - 99, -o - 4*w + 53 = 2*o. Let l = 16 + o. What is the remainder when l is divided by 9?
8
Suppose -j = -3*j. Suppose -d + 2*d - 25 = j. Calculate the remainder when d is divided by 9.
7
Suppose 38*c + 100 = 42*c. What is the remainder when c is divided by 13?
12
Let z = 0 + 17. Calculate the remainder when -2 + 33 + -1 + 2 + 1 is divided by z.
16
Let u(q) = 8*q - 4. What is the remainder when u(7) is divided by 27?
25
Let a(r) = -r**2 + 17*r + 11. Calculate the remainder when 261 is divided by a(17).
8
Let s be (-129)/(-6) + 2/(-4). Suppose 2*t + s = -11. Let r = 22 + t. What is the remainder when 17 is divided by r?
5
Suppose -4 = -3*h + 2. Suppose -u - 2*u - h*s = -15, -2*u = -3*s - 23. Calculate the remainder when 12 is divided by u.
5
Suppose -5 - 10 = -3*b. Suppose b*l = 3*x - 58, -2*x = 3*x + 4*l - 109. Calculate the remainder when x is divided by 8.
5
Calculate the remainder when 496/40 + 6/(-15) is divided by 8.
4
Let d be (-5)/(-1 + (2 - 2)). Suppose 5*n + 2*z - 209 = 0, -2*n = -d*z - 15 - 57. What is the remainder when n is divided by 11?
8
Let g(f) = -f**3 - f**2 - 2*f. What is the remainder when 15 is divided by g(-2)?
7
Suppose 3*v = v. Let p be v - 1 - 5/(-5). Suppose 5*n - 20 = p, 0 = -3*t + 5*n - 5 - 3. What is the remainder when 10 is divided by t?
2
Let f(s) = 2*s**2 + 11*s + 13. Calculate the remainder when f(-8) is divided by 27.
26
Calculate the remainder when (-1)/(-3)*(23 + 2 - 1) is divided by 2.
0
Suppose -3*b = -3*h + 36, 4*h + b = 6*h - 23. What is the remainder when 107 is divided by h?
8
Suppose -2*z + z = -2, 4*s = 2*z + 200. Calculate the remainder when s is divided by 6.
3
Calculate the remainder when 630/75*(-5)/(-2) is divided by 8.
5
Let z(y) = y**3 + 6*y**2 + 5*y + 2. Let h be z(-5). Let m be h + -3 + 13 + 2. Suppose 4*t - 78 + m = 0. What is the remainder when 30 is divided by t?
14
Let r be -52 + 2/(-1) + 3. Let d = r - -30. Let n = d + 29. What is the remainder when 23 is divided by n?
7
Let q(i) = -5*i - 3. Let z(h) = -6*h - 2. Let x(s) = -4*q(s) + 3*z(s). Let t be x(-5). What is the remainder when 14 is divided by 162/30 + t/10?
4
Suppose -5 = -2*j + 15. Suppose -17 = -4*u + 27. Suppose -u = -d + 17. What is the remainder when d is divided by j?
8
Let r = 46 + -44. Let h(y) = -y - 2. What is the remainder when h(-6) is divided by r?
0
Let t(d) = 7*d + 5. Calculate the remainder when t(6) is divided by 16.
15
Let f(w) = w**3 + 6*w**2 - 5*w - 21. What is the remainder when f(-6) is divided by 3?
0
Suppose -5*i = -5*j - 10 - 0, 4*j = -4*i + 40. What is the remainder when 9 is divided by i?
3
Suppose 87 = 3*l - 5*f, 3*l - 3*f - 59 = 22. Calculate the remainder when 63 is divided by l.
15
Let h be 14*3/(6/2). Calculate the remainder when 32 is divided by h - ((-12)/2 - -3).
15
Let d be 3 + 0 + (29 - 0). Calculate the remainder when 60 is divided by d - 4 - 3*-1.
29
Let n = 1 + -14. Let z = n + 22. What is the remainder when z is divided by 3?
0
Suppose -q + 20 = -6. Let s = -49 + 99. What is the remainder when s is divided by q?
24
Let q = -29 + 60. What is the remainder when q is divided by 11?
9
Let z(u) = 2*u**2 + 9*u - 2. Let p(m) = 3*m**2 + 18*m - 5. Let s(f) = 3*p(f) - 5*z(f). What is the remainder when 4 is divided by s(8)?
1
Let x = 16 + 19. Calculate the remainder when x is divided by 13.
9
Let b(j) = j**2 - 4*j - 4. Let x be -2 + 12*2/3. Calculate the remainder when 21 is divided by b(x).
5
Let x(r) = -3*r**3 + r**2 - 1. Let v be 1 - (-4 + 4) - 3. Calculate the remainder when x(v) is divided by 5.
2
Suppose 5*h + 457 = 47. Let g = 115 + h. What is the remainder when g is divided by 9?
6
Let a(z) = z - 7. Let w be a(-5). What is the remainder when 34 is divided by w/(-18)*(19 - 1)?
10
Let s(r) = -r**3 + 9*r**2 + 7. Let q be s(9). Let a = q - 24. Let h = 26 + a. What is the remainder when 25 is divided by h?
7
Let u be ((-9